{"id":17333,"date":"2025-08-05T09:55:07","date_gmt":"2025-08-05T06:55:07","guid":{"rendered":"https:\/\/www.cilginpikseller.com\/V4\/?page_id=17333"},"modified":"2025-10-16T09:37:32","modified_gmt":"2025-10-16T06:37:32","slug":"hizmetlerimiz","status":"publish","type":"page","link":"https:\/\/www.cilginpikseller.com\/V4\/hizmetlerimiz\/","title":{"rendered":"Hizmetlerimiz"},"content":{"rendered":"\t\t<div data-elementor-type=\"wp-page\" data-elementor-id=\"17333\" class=\"elementor elementor-17333\">\n\t\t\t\t\t\t<section class=\"elementor-section elementor-top-section elementor-element elementor-element-1d59828b scheme_default elementor-section-boxed elementor-section-height-default elementor-section-height-default sc_fly_static\" data-id=\"1d59828b\" data-element_type=\"section\" data-settings=\"{&quot;background_background&quot;:&quot;classic&quot;}\">\n\t\t\t\t\t\t<div class=\"elementor-container elementor-column-gap-extended\">\n\t\t\t\t\t<div class=\"elementor-column elementor-col-100 elementor-top-column elementor-element elementor-element-6e6cb2eb sc_content_align_inherit sc_layouts_column_icons_position_left sc_fly_static\" data-id=\"6e6cb2eb\" data-element_type=\"column\">\n\t\t\t<div class=\"elementor-widget-wrap elementor-element-populated\">\n\t\t\t\t\t\t<div class=\"elementor-element elementor-element-21342e8c sc_height_huge sc_fly_static elementor-widget elementor-widget-spacer\" data-id=\"21342e8c\" data-element_type=\"widget\" data-widget_type=\"spacer.default\">\n\t\t\t\t<div class=\"elementor-widget-container\">\n\t\t\t\t\t\t\t<div class=\"elementor-spacer\">\n\t\t\t<div class=\"elementor-spacer-inner\"><\/div>\n\t\t<\/div>\n\t\t\t\t\t\t<\/div>\n\t\t\t\t<\/div>\n\t\t\t\t<div class=\"elementor-element elementor-element-7fa4fd6 sc_fly_static elementor-widget elementor-widget-trx_sc_services\" data-id=\"7fa4fd6\" data-element_type=\"widget\" data-widget_type=\"trx_sc_services.default\">\n\t\t\t\t<div class=\"elementor-widget-container\">\n\t\t\t\t\t<div class=\"sc_services color_style_dark sc_services_qw-tricolore sc_services_featured_top\"><div class=\"sc_services_columns_wrap sc_item_columns sc_item_posts_container sc_item_columns_3 trx_addons_columns_wrap columns_padding_bottom\"><div class=\"trx_addons_column-1_3 \"><div data-post-id=\"19808\" class=\"sc_services_item sc_item_container post_container with_more without_content with_number post-19808 cpt_services type-cpt_services status-publish hentry cpt_services_group-hizmetlerimiz\">\n\t\t<div class=\"sc_services_item_content \">\n\t\t\t\t<div class=\"sc_services_item_content_inner\">\n\t\t\t\t\t\t<div class=\"sc_services_item_content_inner_top\">\n\t\t\t\t<div class=\"sc_services_item_decor\"><\/div>\n\t\t\t<\/div>\n\t\t\t<div class=\"sc_services_item_content_inner_bottom\"><span class=\"sc_services_item_number\">01<\/span>\t\t\t<h2 class=\"sc_services_item_title\"><a href=\"https:\/\/www.cilginpikseller.com\/V4\/hizmetler\/sosyal-medya-yonetimi\/\">Sosyal Medya Y\u00f6netimi<\/a><\/h2>\n\t\t\t<div class=\"sc_services_item_info_wrap\"><div class=\"sc_services_item_button sc_item_button\">\n\t\t\t\t\t\t<a href=\"https:\/\/www.cilginpikseller.com\/V4\/hizmetler\/sosyal-medya-yonetimi\/\" class=\"sc_services_item_more_link\">\n\t\t\t\t\t\t\t<span class=\"link_text\">Detayl\u0131 \u0130ncele<\/span><span class=\"link_icon\"><\/span>\n\t\t\t\t\t\t<\/a>\n\t\t\t\t\t<\/div><\/div><\/div><\/div><a class=\"sc_services_item_link\" href=\"https:\/\/www.cilginpikseller.com\/V4\/hizmetler\/sosyal-medya-yonetimi\/\"><\/a><\/div><\/div><\/div><div class=\"trx_addons_column-1_3 \"><div data-post-id=\"752\" class=\"sc_services_item sc_item_container post_container with_more without_content with_number post-752 cpt_services type-cpt_services status-publish hentry cpt_services_group-hizmetlerimiz\">\n\t\t<div class=\"sc_services_item_content \">\n\t\t\t\t<div class=\"sc_services_item_content_inner\">\n\t\t\t\t\t\t<div class=\"sc_services_item_content_inner_top\">\n\t\t\t\t<div class=\"sc_services_item_decor\"><\/div>\n\t\t\t<\/div>\n\t\t\t<div class=\"sc_services_item_content_inner_bottom\"><span class=\"sc_services_item_number\">02<\/span>\t\t\t<h2 class=\"sc_services_item_title\"><a href=\"https:\/\/www.cilginpikseller.com\/V4\/hizmetler\/dijital-pazarlama\/\">Dijital Pazarlama<\/a><\/h2>\n\t\t\t<div class=\"sc_services_item_info_wrap\"><div class=\"sc_services_item_button sc_item_button\">\n\t\t\t\t\t\t<a href=\"https:\/\/www.cilginpikseller.com\/V4\/hizmetler\/dijital-pazarlama\/\" class=\"sc_services_item_more_link\">\n\t\t\t\t\t\t\t<span class=\"link_text\">Detayl\u0131 \u0130ncele<\/span><span class=\"link_icon\"><\/span>\n\t\t\t\t\t\t<\/a>\n\t\t\t\t\t<\/div><\/div><\/div><\/div><a class=\"sc_services_item_link\" href=\"https:\/\/www.cilginpikseller.com\/V4\/hizmetler\/dijital-pazarlama\/\"><\/a><\/div><\/div><\/div><div class=\"trx_addons_column-1_3 \"><div data-post-id=\"753\" class=\"sc_services_item sc_item_container post_container with_more without_content with_number post-753 cpt_services type-cpt_services status-publish hentry cpt_services_group-hizmetlerimiz\">\n\t\t<div class=\"sc_services_item_content \">\n\t\t\t\t<div class=\"sc_services_item_content_inner\">\n\t\t\t\t\t\t<div class=\"sc_services_item_content_inner_top\">\n\t\t\t\t<div class=\"sc_services_item_decor\"><\/div>\n\t\t\t<\/div>\n\t\t\t<div class=\"sc_services_item_content_inner_bottom\"><span class=\"sc_services_item_number\">03<\/span>\t\t\t<h2 class=\"sc_services_item_title\"><a href=\"https:\/\/www.cilginpikseller.com\/V4\/hizmetler\/gorsel-tasarim\/\">G\u00f6rsel Tasar\u0131m<\/a><\/h2>\n\t\t\t<div class=\"sc_services_item_info_wrap\"><div class=\"sc_services_item_button sc_item_button\">\n\t\t\t\t\t\t<a href=\"https:\/\/www.cilginpikseller.com\/V4\/hizmetler\/gorsel-tasarim\/\" class=\"sc_services_item_more_link\">\n\t\t\t\t\t\t\t<span class=\"link_text\">Detayl\u0131 \u0130ncele<\/span><span class=\"link_icon\"><\/span>\n\t\t\t\t\t\t<\/a>\n\t\t\t\t\t<\/div><\/div><\/div><\/div><a class=\"sc_services_item_link\" href=\"https:\/\/www.cilginpikseller.com\/V4\/hizmetler\/gorsel-tasarim\/\"><\/a><\/div><\/div><\/div><div class=\"trx_addons_column-1_3 \"><div data-post-id=\"754\" class=\"sc_services_item sc_item_container post_container with_more without_content with_number post-754 cpt_services type-cpt_services status-publish has-post-thumbnail hentry cpt_services_group-hizmetlerimiz\">\n\t\t<div class=\"sc_services_item_content \">\n\t\t\t\t<div class=\"sc_services_item_content_inner\">\n\t\t\t\t\t\t<div class=\"sc_services_item_content_inner_top\">\n\t\t\t\t<div class=\"sc_services_item_decor\"><\/div>\n\t\t\t<\/div>\n\t\t\t<div class=\"sc_services_item_content_inner_bottom\"><span class=\"sc_services_item_number\">04<\/span>\t\t\t<h2 class=\"sc_services_item_title\"><a href=\"https:\/\/www.cilginpikseller.com\/V4\/hizmetler\/strateji-gelistirme\/\">Strateji Geli\u015ftirme<\/a><\/h2>\n\t\t\t<div class=\"sc_services_item_info_wrap\"><div class=\"sc_services_item_button sc_item_button\">\n\t\t\t\t\t\t<a href=\"https:\/\/www.cilginpikseller.com\/V4\/hizmetler\/strateji-gelistirme\/\" class=\"sc_services_item_more_link\">\n\t\t\t\t\t\t\t<span class=\"link_text\">Detayl\u0131 \u0130ncele<\/span><span class=\"link_icon\"><\/span>\n\t\t\t\t\t\t<\/a>\n\t\t\t\t\t<\/div><\/div><\/div><\/div><a class=\"sc_services_item_link\" href=\"https:\/\/www.cilginpikseller.com\/V4\/hizmetler\/strateji-gelistirme\/\"><\/a><\/div><\/div><\/div><div class=\"trx_addons_column-1_3 \"><div data-post-id=\"20102\" class=\"sc_services_item sc_item_container post_container with_more without_content with_number post-20102 cpt_services type-cpt_services status-publish hentry cpt_services_group-hizmetlerimiz\">\n\t\t<div class=\"sc_services_item_content \">\n\t\t\t\t<div class=\"sc_services_item_content_inner\">\n\t\t\t\t\t\t<div class=\"sc_services_item_content_inner_top\">\n\t\t\t\t<div class=\"sc_services_item_decor\"><\/div>\n\t\t\t<\/div>\n\t\t\t<div class=\"sc_services_item_content_inner_bottom\"><span class=\"sc_services_item_number\">05<\/span>\t\t\t<h2 class=\"sc_services_item_title\"><a href=\"https:\/\/www.cilginpikseller.com\/V4\/hizmetler\/icerik-laboratuvari\/\">\u0130\u00e7erik Laboratuvar\u0131<\/a><\/h2>\n\t\t\t<div class=\"sc_services_item_info_wrap\"><div class=\"sc_services_item_button sc_item_button\">\n\t\t\t\t\t\t<a href=\"https:\/\/www.cilginpikseller.com\/V4\/hizmetler\/icerik-laboratuvari\/\" class=\"sc_services_item_more_link\">\n\t\t\t\t\t\t\t<span class=\"link_text\">Detayl\u0131 \u0130ncele<\/span><span class=\"link_icon\"><\/span>\n\t\t\t\t\t\t<\/a>\n\t\t\t\t\t<\/div><\/div><\/div><\/div><a class=\"sc_services_item_link\" href=\"https:\/\/www.cilginpikseller.com\/V4\/hizmetler\/icerik-laboratuvari\/\"><\/a><\/div><\/div><\/div><div class=\"trx_addons_column-1_3 \"><div data-post-id=\"20103\" class=\"sc_services_item sc_item_container post_container with_more without_content with_number post-20103 cpt_services type-cpt_services status-publish hentry cpt_services_group-hizmetlerimiz\">\n\t\t<div class=\"sc_services_item_content \">\n\t\t\t\t<div class=\"sc_services_item_content_inner\">\n\t\t\t\t\t\t<div class=\"sc_services_item_content_inner_top\">\n\t\t\t\t<div class=\"sc_services_item_decor\"><\/div>\n\t\t\t<\/div>\n\t\t\t<div class=\"sc_services_item_content_inner_bottom\"><span class=\"sc_services_item_number\">06<\/span>\t\t\t<h2 class=\"sc_services_item_title\"><a href=\"https:\/\/www.cilginpikseller.com\/V4\/hizmetler\/web-tasarim-mobil-uygulama\/\">Web Tasar\u0131m \/ Mobil Uygulama<\/a><\/h2>\n\t\t\t<div class=\"sc_services_item_info_wrap\"><div class=\"sc_services_item_button sc_item_button\">\n\t\t\t\t\t\t<a href=\"https:\/\/www.cilginpikseller.com\/V4\/hizmetler\/web-tasarim-mobil-uygulama\/\" class=\"sc_services_item_more_link\">\n\t\t\t\t\t\t\t<span class=\"link_text\">Detayl\u0131 \u0130ncele<\/span><span class=\"link_icon\"><\/span>\n\t\t\t\t\t\t<\/a>\n\t\t\t\t\t<\/div><\/div><\/div><\/div><a class=\"sc_services_item_link\" href=\"https:\/\/www.cilginpikseller.com\/V4\/hizmetler\/web-tasarim-mobil-uygulama\/\"><\/a><\/div><\/div><\/div><div class=\"trx_addons_column-1_3 \"><div data-post-id=\"20104\" class=\"sc_services_item sc_item_container post_container with_more without_content with_number post-20104 cpt_services type-cpt_services status-publish hentry cpt_services_group-hizmetlerimiz\">\n\t\t<div class=\"sc_services_item_content \">\n\t\t\t\t<div class=\"sc_services_item_content_inner\">\n\t\t\t\t\t\t<div class=\"sc_services_item_content_inner_top\">\n\t\t\t\t<div class=\"sc_services_item_decor\"><\/div>\n\t\t\t<\/div>\n\t\t\t<div class=\"sc_services_item_content_inner_bottom\"><span class=\"sc_services_item_number\">07<\/span>\t\t\t<h2 class=\"sc_services_item_title\"><a href=\"https:\/\/www.cilginpikseller.com\/V4\/hizmetler\/produksiyon\/\">Prod\u00fcksiyon<\/a><\/h2>\n\t\t\t<div class=\"sc_services_item_info_wrap\"><div class=\"sc_services_item_button sc_item_button\">\n\t\t\t\t\t\t<a href=\"https:\/\/www.cilginpikseller.com\/V4\/hizmetler\/produksiyon\/\" class=\"sc_services_item_more_link\">\n\t\t\t\t\t\t\t<span class=\"link_text\">Detayl\u0131 \u0130ncele<\/span><span class=\"link_icon\"><\/span>\n\t\t\t\t\t\t<\/a>\n\t\t\t\t\t<\/div><\/div><\/div><\/div><a class=\"sc_services_item_link\" href=\"https:\/\/www.cilginpikseller.com\/V4\/hizmetler\/produksiyon\/\"><\/a><\/div><\/div><\/div><div class=\"trx_addons_column-1_3 \"><div data-post-id=\"20108\" class=\"sc_services_item sc_item_container post_container with_more without_content with_number post-20108 cpt_services type-cpt_services status-publish hentry cpt_services_group-hizmetlerimiz\">\n\t\t<div class=\"sc_services_item_content \">\n\t\t\t\t<div class=\"sc_services_item_content_inner\">\n\t\t\t\t\t\t<div class=\"sc_services_item_content_inner_top\">\n\t\t\t\t<div class=\"sc_services_item_decor\"><\/div>\n\t\t\t<\/div>\n\t\t\t<div class=\"sc_services_item_content_inner_bottom\"><span class=\"sc_services_item_number\">08<\/span>\t\t\t<h2 class=\"sc_services_item_title\"><a href=\"https:\/\/www.cilginpikseller.com\/V4\/hizmetler\/dijital-akademi\/\">Dijital Akademi<\/a><\/h2>\n\t\t\t<div class=\"sc_services_item_info_wrap\"><div class=\"sc_services_item_button sc_item_button\">\n\t\t\t\t\t\t<a href=\"https:\/\/www.cilginpikseller.com\/V4\/hizmetler\/dijital-akademi\/\" class=\"sc_services_item_more_link\">\n\t\t\t\t\t\t\t<span class=\"link_text\">Detayl\u0131 \u0130ncele<\/span><span class=\"link_icon\"><\/span>\n\t\t\t\t\t\t<\/a>\n\t\t\t\t\t<\/div><\/div><\/div><\/div><a class=\"sc_services_item_link\" href=\"https:\/\/www.cilginpikseller.com\/V4\/hizmetler\/dijital-akademi\/\"><\/a><\/div><\/div><\/div><div class=\"trx_addons_column-1_3 \"><div data-post-id=\"21723\" class=\"sc_services_item sc_item_container post_container with_more without_content with_number post-21723 cpt_services type-cpt_services status-publish hentry cpt_services_group-ana-sayfa cpt_services_group-hizmetlerimiz\">\n\t\t<div class=\"sc_services_item_content \">\n\t\t\t\t<div class=\"sc_services_item_content_inner\">\n\t\t\t\t\t\t<div class=\"sc_services_item_content_inner_top\">\n\t\t\t\t<div class=\"sc_services_item_decor\"><\/div>\n\t\t\t<\/div>\n\t\t\t<div class=\"sc_services_item_content_inner_bottom\"><span class=\"sc_services_item_number\">09<\/span>\t\t\t<h2 class=\"sc_services_item_title\"><a href=\"https:\/\/www.cilginpikseller.com\/V4\/hizmetler\/kreatif-cozumler\/\">Kreatif \u00c7\u00f6z\u00fcmler<\/a><\/h2>\n\t\t\t<div class=\"sc_services_item_info_wrap\"><div class=\"sc_services_item_button sc_item_button\">\n\t\t\t\t\t\t<a href=\"https:\/\/www.cilginpikseller.com\/V4\/hizmetler\/kreatif-cozumler\/\" class=\"sc_services_item_more_link\">\n\t\t\t\t\t\t\t<span class=\"link_text\">Detayl\u0131 \u0130ncele<\/span><span class=\"link_icon\"><\/span>\n\t\t\t\t\t\t<\/a>\n\t\t\t\t\t<\/div><\/div><\/div><\/div><a class=\"sc_services_item_link\" href=\"https:\/\/www.cilginpikseller.com\/V4\/hizmetler\/kreatif-cozumler\/\"><\/a><\/div><\/div><\/div><div class=\"trx_addons_column-1_3 \"><div data-post-id=\"21725\" class=\"sc_services_item sc_item_container post_container with_more without_content with_number post-21725 cpt_services type-cpt_services status-publish hentry cpt_services_group-ana-sayfa cpt_services_group-hizmetlerimiz\">\n\t\t<div class=\"sc_services_item_content \">\n\t\t\t\t<div class=\"sc_services_item_content_inner\">\n\t\t\t\t\t\t<div class=\"sc_services_item_content_inner_top\">\n\t\t\t\t<div class=\"sc_services_item_decor\"><\/div>\n\t\t\t<\/div>\n\t\t\t<div class=\"sc_services_item_content_inner_bottom\"><span class=\"sc_services_item_number\">10<\/span>\t\t\t<h2 class=\"sc_services_item_title\"><a href=\"https:\/\/www.cilginpikseller.com\/V4\/hizmetler\/performans-pazarlamasi\/\">Performans Pazarlamas\u0131<\/a><\/h2>\n\t\t\t<div class=\"sc_services_item_info_wrap\"><div class=\"sc_services_item_button sc_item_button\">\n\t\t\t\t\t\t<a href=\"https:\/\/www.cilginpikseller.com\/V4\/hizmetler\/performans-pazarlamasi\/\" class=\"sc_services_item_more_link\">\n\t\t\t\t\t\t\t<span class=\"link_text\">Detayl\u0131 \u0130ncele<\/span><span class=\"link_icon\"><\/span>\n\t\t\t\t\t\t<\/a>\n\t\t\t\t\t<\/div><\/div><\/div><\/div><a class=\"sc_services_item_link\" href=\"https:\/\/www.cilginpikseller.com\/V4\/hizmetler\/performans-pazarlamasi\/\"><\/a><\/div><\/div><\/div><div class=\"trx_addons_column-1_3 \"><div data-post-id=\"21727\" class=\"sc_services_item sc_item_container post_container with_more without_content with_number post-21727 cpt_services type-cpt_services status-publish hentry cpt_services_group-ana-sayfa cpt_services_group-hizmetlerimiz\">\n\t\t<div class=\"sc_services_item_content \">\n\t\t\t\t<div class=\"sc_services_item_content_inner\">\n\t\t\t\t\t\t<div class=\"sc_services_item_content_inner_top\">\n\t\t\t\t<div class=\"sc_services_item_decor\"><\/div>\n\t\t\t<\/div>\n\t\t\t<div class=\"sc_services_item_content_inner_bottom\"><span class=\"sc_services_item_number\">11<\/span>\t\t\t<h2 class=\"sc_services_item_title\"><a href=\"https:\/\/www.cilginpikseller.com\/V4\/hizmetler\/influencer-danismanlik\/\">Influencer Dan\u0131\u015fmanl\u0131k<\/a><\/h2>\n\t\t\t<div class=\"sc_services_item_info_wrap\"><div class=\"sc_services_item_button sc_item_button\">\n\t\t\t\t\t\t<a href=\"https:\/\/www.cilginpikseller.com\/V4\/hizmetler\/influencer-danismanlik\/\" class=\"sc_services_item_more_link\">\n\t\t\t\t\t\t\t<span class=\"link_text\">Detayl\u0131 \u0130ncele<\/span><span class=\"link_icon\"><\/span>\n\t\t\t\t\t\t<\/a>\n\t\t\t\t\t<\/div><\/div><\/div><\/div><a class=\"sc_services_item_link\" href=\"https:\/\/www.cilginpikseller.com\/V4\/hizmetler\/influencer-danismanlik\/\"><\/a><\/div><\/div><\/div><div class=\"trx_addons_column-1_3 \"><div data-post-id=\"21729\" class=\"sc_services_item sc_item_container post_container with_more without_content with_number post-21729 cpt_services type-cpt_services status-publish hentry cpt_services_group-ana-sayfa cpt_services_group-hizmetlerimiz\">\n\t\t<div class=\"sc_services_item_content \">\n\t\t\t\t<div class=\"sc_services_item_content_inner\">\n\t\t\t\t\t\t<div class=\"sc_services_item_content_inner_top\">\n\t\t\t\t<div class=\"sc_services_item_decor\"><\/div>\n\t\t\t<\/div>\n\t\t\t<div class=\"sc_services_item_content_inner_bottom\"><span class=\"sc_services_item_number\">12<\/span>\t\t\t<h2 class=\"sc_services_item_title\"><a href=\"https:\/\/www.cilginpikseller.com\/V4\/hizmetler\/b2b-pazarlama\/\">B2B Pazarlama<\/a><\/h2>\n\t\t\t<div class=\"sc_services_item_info_wrap\"><div class=\"sc_services_item_button sc_item_button\">\n\t\t\t\t\t\t<a href=\"https:\/\/www.cilginpikseller.com\/V4\/hizmetler\/b2b-pazarlama\/\" class=\"sc_services_item_more_link\">\n\t\t\t\t\t\t\t<span class=\"link_text\">Detayl\u0131 \u0130ncele<\/span><span class=\"link_icon\"><\/span>\n\t\t\t\t\t\t<\/a>\n\t\t\t\t\t<\/div><\/div><\/div><\/div><a class=\"sc_services_item_link\" href=\"https:\/\/www.cilginpikseller.com\/V4\/hizmetler\/b2b-pazarlama\/\"><\/a><\/div><\/div><\/div><\/div><\/div>\t\t\t\t<\/div>\n\t\t\t\t<\/div>\n\t\t\t\t<div class=\"elementor-element elementor-element-346b3375 sc_height_huge sc_fly_static elementor-widget elementor-widget-spacer\" data-id=\"346b3375\" data-element_type=\"widget\" data-widget_type=\"spacer.default\">\n\t\t\t\t<div class=\"elementor-widget-container\">\n\t\t\t\t\t\t\t<div class=\"elementor-spacer\">\n\t\t\t<div class=\"elementor-spacer-inner\"><\/div>\n\t\t<\/div>\n\t\t\t\t\t\t<\/div>\n\t\t\t\t<\/div>\n\t\t\t\t\t<\/div>\n\t\t<\/div>\n\t\t\t\t\t<\/div>\n\t\t<\/section>\n\t\t\t\t<\/div>\n\t\t","protected":false},"excerpt":{"rendered":"<p>01 Sosyal Medya Y\u00f6netimi Detayl\u0131 \u0130ncele 02 Dijital Pazarlama Detayl\u0131 \u0130ncele 03 G\u00f6rsel Tasar\u0131m Detayl\u0131 \u0130ncele 04 Strateji Geli\u015ftirme Detayl\u0131 \u0130ncele 05 \u0130\u00e7erik Laboratuvar\u0131 Detayl\u0131 \u0130ncele 06 Web Tasar\u0131m \/&hellip;<\/p>\n","protected":false},"author":1,"featured_media":0,"parent":0,"menu_order":0,"comment_status":"closed","ping_status":"closed","template":"","meta":{"footnotes":""},"class_list":["post-17333","page","type-page","status-publish","hentry"],"yoast_head":"<!-- This site is optimized with the Yoast SEO plugin v27.4 - https:\/\/yoast.com\/product\/yoast-seo-wordpress\/ -->\n<title>Hizmetlerimiz - \u00c7\u0131lg\u0131n Pikseller<\/title>\n<meta name=\"robots\" content=\"index, follow, max-snippet:-1, max-image-preview:large, max-video-preview:-1\" \/>\n<link rel=\"canonical\" href=\"https:\/\/www.cilginpikseller.com\/V4\/hizmetlerimiz\/\" \/>\n<meta property=\"og:locale\" content=\"tr_TR\" \/>\n<meta property=\"og:type\" content=\"article\" \/>\n<meta property=\"og:title\" content=\"Hizmetlerimiz - \u00c7\u0131lg\u0131n Pikseller\" \/>\n<meta property=\"og:description\" content=\"01 Sosyal Medya Y\u00f6netimi Detayl\u0131 \u0130ncele 02 Dijital Pazarlama Detayl\u0131 \u0130ncele 03 G\u00f6rsel Tasar\u0131m Detayl\u0131 \u0130ncele 04 Strateji Geli\u015ftirme Detayl\u0131 \u0130ncele 05 \u0130\u00e7erik Laboratuvar\u0131 Detayl\u0131 \u0130ncele 06 Web Tasar\u0131m \/&hellip;\" \/>\n<meta property=\"og:url\" content=\"https:\/\/www.cilginpikseller.com\/V4\/hizmetlerimiz\/\" \/>\n<meta property=\"og:site_name\" content=\"\u00c7\u0131lg\u0131n Pikseller\" \/>\n<meta property=\"article:modified_time\" content=\"2025-10-16T06:37:32+00:00\" \/>\n<meta name=\"twitter:card\" content=\"summary_large_image\" \/>\n<script type=\"application\/ld+json\" class=\"yoast-schema-graph\">{\"@context\":\"https:\\\/\\\/schema.org\",\"@graph\":[{\"@type\":\"WebPage\",\"@id\":\"https:\\\/\\\/www.cilginpikseller.com\\\/V4\\\/hizmetlerimiz\\\/\",\"url\":\"https:\\\/\\\/www.cilginpikseller.com\\\/V4\\\/hizmetlerimiz\\\/\",\"name\":\"Hizmetlerimiz - \u00c7\u0131lg\u0131n Pikseller\",\"isPartOf\":{\"@id\":\"https:\\\/\\\/www.cilginpikseller.com\\\/V4\\\/#website\"},\"datePublished\":\"2025-08-05T06:55:07+00:00\",\"dateModified\":\"2025-10-16T06:37:32+00:00\",\"breadcrumb\":{\"@id\":\"https:\\\/\\\/www.cilginpikseller.com\\\/V4\\\/hizmetlerimiz\\\/#breadcrumb\"},\"inLanguage\":\"tr\",\"potentialAction\":[{\"@type\":\"ReadAction\",\"target\":[\"https:\\\/\\\/www.cilginpikseller.com\\\/V4\\\/hizmetlerimiz\\\/\"]}]},{\"@type\":\"BreadcrumbList\",\"@id\":\"https:\\\/\\\/www.cilginpikseller.com\\\/V4\\\/hizmetlerimiz\\\/#breadcrumb\",\"itemListElement\":[{\"@type\":\"ListItem\",\"position\":1,\"name\":\"Anasayfa\",\"item\":\"https:\\\/\\\/www.cilginpikseller.com\\\/V4\\\/\"},{\"@type\":\"ListItem\",\"position\":2,\"name\":\"Hizmetlerimiz\"}]},{\"@type\":\"WebSite\",\"@id\":\"https:\\\/\\\/www.cilginpikseller.com\\\/V4\\\/#website\",\"url\":\"https:\\\/\\\/www.cilginpikseller.com\\\/V4\\\/\",\"name\":\"\u00c7\u0131lg\u0131n Pikseller\",\"description\":\"Bursa Dijital Reklam Ajans\u0131\",\"publisher\":{\"@id\":\"https:\\\/\\\/www.cilginpikseller.com\\\/V4\\\/#organization\"},\"potentialAction\":[{\"@type\":\"SearchAction\",\"target\":{\"@type\":\"EntryPoint\",\"urlTemplate\":\"https:\\\/\\\/www.cilginpikseller.com\\\/V4\\\/?s={search_term_string}\"},\"query-input\":{\"@type\":\"PropertyValueSpecification\",\"valueRequired\":true,\"valueName\":\"search_term_string\"}}],\"inLanguage\":\"tr\"},{\"@type\":\"Organization\",\"@id\":\"https:\\\/\\\/www.cilginpikseller.com\\\/V4\\\/#organization\",\"name\":\"\u00c7\u0131lg\u0131n Pikseller\",\"url\":\"https:\\\/\\\/www.cilginpikseller.com\\\/V4\\\/\",\"logo\":{\"@type\":\"ImageObject\",\"inLanguage\":\"tr\",\"@id\":\"https:\\\/\\\/www.cilginpikseller.com\\\/V4\\\/#\\\/schema\\\/logo\\\/image\\\/\",\"url\":\"https:\\\/\\\/www.cilginpikseller.com\\\/V4\\\/wp-content\\\/uploads\\\/2025\\\/04\\\/CP-LOGO.png\",\"contentUrl\":\"https:\\\/\\\/www.cilginpikseller.com\\\/V4\\\/wp-content\\\/uploads\\\/2025\\\/04\\\/CP-LOGO.png\",\"width\":2323,\"height\":2008,\"caption\":\"\u00c7\u0131lg\u0131n Pikseller\"},\"image\":{\"@id\":\"https:\\\/\\\/www.cilginpikseller.com\\\/V4\\\/#\\\/schema\\\/logo\\\/image\\\/\"}}]}<\/script>\n<!-- \/ Yoast SEO plugin. -->","yoast_head_json":{"title":"Hizmetlerimiz - \u00c7\u0131lg\u0131n Pikseller","robots":{"index":"index","follow":"follow","max-snippet":"max-snippet:-1","max-image-preview":"max-image-preview:large","max-video-preview":"max-video-preview:-1"},"canonical":"https:\/\/www.cilginpikseller.com\/V4\/hizmetlerimiz\/","og_locale":"tr_TR","og_type":"article","og_title":"Hizmetlerimiz - \u00c7\u0131lg\u0131n Pikseller","og_description":"01 Sosyal Medya Y\u00f6netimi Detayl\u0131 \u0130ncele 02 Dijital Pazarlama Detayl\u0131 \u0130ncele 03 G\u00f6rsel Tasar\u0131m Detayl\u0131 \u0130ncele 04 Strateji Geli\u015ftirme Detayl\u0131 \u0130ncele 05 \u0130\u00e7erik Laboratuvar\u0131 Detayl\u0131 \u0130ncele 06 Web Tasar\u0131m \/&hellip;","og_url":"https:\/\/www.cilginpikseller.com\/V4\/hizmetlerimiz\/","og_site_name":"\u00c7\u0131lg\u0131n Pikseller","article_modified_time":"2025-10-16T06:37:32+00:00","twitter_card":"summary_large_image","schema":{"@context":"https:\/\/schema.org","@graph":[{"@type":"WebPage","@id":"https:\/\/www.cilginpikseller.com\/V4\/hizmetlerimiz\/","url":"https:\/\/www.cilginpikseller.com\/V4\/hizmetlerimiz\/","name":"Hizmetlerimiz - \u00c7\u0131lg\u0131n Pikseller","isPartOf":{"@id":"https:\/\/www.cilginpikseller.com\/V4\/#website"},"datePublished":"2025-08-05T06:55:07+00:00","dateModified":"2025-10-16T06:37:32+00:00","breadcrumb":{"@id":"https:\/\/www.cilginpikseller.com\/V4\/hizmetlerimiz\/#breadcrumb"},"inLanguage":"tr","potentialAction":[{"@type":"ReadAction","target":["https:\/\/www.cilginpikseller.com\/V4\/hizmetlerimiz\/"]}]},{"@type":"BreadcrumbList","@id":"https:\/\/www.cilginpikseller.com\/V4\/hizmetlerimiz\/#breadcrumb","itemListElement":[{"@type":"ListItem","position":1,"name":"Anasayfa","item":"https:\/\/www.cilginpikseller.com\/V4\/"},{"@type":"ListItem","position":2,"name":"Hizmetlerimiz"}]},{"@type":"WebSite","@id":"https:\/\/www.cilginpikseller.com\/V4\/#website","url":"https:\/\/www.cilginpikseller.com\/V4\/","name":"\u00c7\u0131lg\u0131n Pikseller","description":"Bursa Dijital Reklam Ajans\u0131","publisher":{"@id":"https:\/\/www.cilginpikseller.com\/V4\/#organization"},"potentialAction":[{"@type":"SearchAction","target":{"@type":"EntryPoint","urlTemplate":"https:\/\/www.cilginpikseller.com\/V4\/?s={search_term_string}"},"query-input":{"@type":"PropertyValueSpecification","valueRequired":true,"valueName":"search_term_string"}}],"inLanguage":"tr"},{"@type":"Organization","@id":"https:\/\/www.cilginpikseller.com\/V4\/#organization","name":"\u00c7\u0131lg\u0131n Pikseller","url":"https:\/\/www.cilginpikseller.com\/V4\/","logo":{"@type":"ImageObject","inLanguage":"tr","@id":"https:\/\/www.cilginpikseller.com\/V4\/#\/schema\/logo\/image\/","url":"https:\/\/www.cilginpikseller.com\/V4\/wp-content\/uploads\/2025\/04\/CP-LOGO.png","contentUrl":"https:\/\/www.cilginpikseller.com\/V4\/wp-content\/uploads\/2025\/04\/CP-LOGO.png","width":2323,"height":2008,"caption":"\u00c7\u0131lg\u0131n Pikseller"},"image":{"@id":"https:\/\/www.cilginpikseller.com\/V4\/#\/schema\/logo\/image\/"}}]}},"_links":{"self":[{"href":"https:\/\/www.cilginpikseller.com\/V4\/wp-json\/wp\/v2\/pages\/17333","targetHints":{"allow":["GET"]}}],"collection":[{"href":"https:\/\/www.cilginpikseller.com\/V4\/wp-json\/wp\/v2\/pages"}],"about":[{"href":"https:\/\/www.cilginpikseller.com\/V4\/wp-json\/wp\/v2\/types\/page"}],"author":[{"embeddable":true,"href":"https:\/\/www.cilginpikseller.com\/V4\/wp-json\/wp\/v2\/users\/1"}],"replies":[{"embeddable":true,"href":"https:\/\/www.cilginpikseller.com\/V4\/wp-json\/wp\/v2\/comments?post=17333"}],"version-history":[{"count":16,"href":"https:\/\/www.cilginpikseller.com\/V4\/wp-json\/wp\/v2\/pages\/17333\/revisions"}],"predecessor-version":[{"id":20559,"href":"https:\/\/www.cilginpikseller.com\/V4\/wp-json\/wp\/v2\/pages\/17333\/revisions\/20559"}],"wp:attachment":[{"href":"https:\/\/www.cilginpikseller.com\/V4\/wp-json\/wp\/v2\/media?parent=17333"}],"curies":[{"name":"wp","href":"https:\/\/api.w.org\/{rel}","templated":true}]}}